{"id":1221,"date":"2020-12-06T21:17:40","date_gmt":"2020-12-06T21:17:40","guid":{"rendered":"https:\/\/ninetheme.com\/themes\/agrikon\/?page_id=1221"},"modified":"2022-03-03T14:15:59","modified_gmt":"2022-03-03T11:15:59","slug":"findigin-hikayesi","status":"publish","type":"page","link":"https:\/\/www.aycangida.com.tr\/index.php\/findigin-hikayesi\/","title":{"rendered":"F\u0131nd\u0131\u011f\u0131n Hikayesi"},"content":{"rendered":"\t\t<div data-elementor-type=\"wp-page\" data-elementor-id=\"1221\" class=\"elementor elementor-1221\" data-elementor-settings=\"[]\">\n\t\t\t\t\t\t\t<div class=\"elementor-section-wrap\">\n\t\t\t\t\t\t\t<div class=\"elementor-section elementor-top-section elementor-element elementor-element-3211497 elementor-section-full_width elementor-section-height-default elementor-section-height-default nt-section-ripped-top ripped-top-no nt-section-ripped-bottom ripped-bottom-no\" data-id=\"3211497\" data-element_type=\"section\">\n\t\t\t\t\t\t<div class=\"elementor-container elementor-column-gap-no\">\n\t\t\t\t\t<div class=\"elementor-column elementor-col-100 elementor-top-column elementor-element elementor-element-8207d06\" data-id=\"8207d06\" data-element_type=\"column\">\n\t\t\t<div class=\"elementor-widget-wrap elementor-element-populated\">\n\t\t\t\t\t\t\t\t<div class=\"elementor-element elementor-element-6d3bcfb elementor-widget elementor-widget-agrikon-page-hero\" data-id=\"6d3bcfb\" data-element_type=\"widget\" data-widget_type=\"agrikon-page-hero.default\">\n\t\t\t\t<div class=\"elementor-widget-container\">\n\t\t\t<div class=\"page-header ripped-off\"><div class=\"page-header__bg\"><\/div><div class=\"container\"><h2 class=\"page-title\">F\u0131nd\u0131\u011f\u0131n Hikayesi<\/h2><\/div><\/div>\t\t<\/div>\n\t\t\t\t<\/div>\n\t\t\t\t\t<\/div>\n\t\t<\/div>\n\t\t\t\t\t\t\t<\/div>\n\t\t<\/div>\n\t\t\t\t<div class=\"elementor-section elementor-top-section elementor-element elementor-element-2c016a7 nt-section section-padding elementor-section-boxed elementor-section-height-default elementor-section-height-default nt-section-ripped-bottom ripped-bottom-no\" data-id=\"2c016a7\" data-element_type=\"section\">\n\t\t\t\t\t\t<div class=\"elementor-container elementor-column-gap-no\">\n\t\t\t\t\t<div class=\"elementor-column elementor-col-50 elementor-top-column elementor-element elementor-element-e74a44f\" data-id=\"e74a44f\" data-element_type=\"column\">\n\t\t\t<div class=\"elementor-widget-wrap elementor-element-populated\">\n\t\t\t\t\t\t\t\t<div class=\"elementor-element elementor-element-ef31bbb agrikon-transform transform-type-translate elementor-widget elementor-widget-heading\" data-id=\"ef31bbb\" data-element_type=\"widget\" data-widget_type=\"heading.default\">\n\t\t\t\t<div class=\"elementor-widget-container\">\n\t\t\t<style>\/*! elementor - v3.5.5 - 03-02-2022 *\/\n.elementor-heading-title{padding:0;margin:0;line-height:1}.elementor-widget-heading .elementor-heading-title[class*=elementor-size-]>a{color:inherit;font-size:inherit;line-height:inherit}.elementor-widget-heading .elementor-heading-title.elementor-size-small{font-size:15px}.elementor-widget-heading .elementor-heading-title.elementor-size-medium{font-size:19px}.elementor-widget-heading .elementor-heading-title.elementor-size-large{font-size:29px}.elementor-widget-heading .elementor-heading-title.elementor-size-xl{font-size:39px}.elementor-widget-heading .elementor-heading-title.elementor-size-xxl{font-size:59px}<\/style><h3 class=\"elementor-heading-title elementor-size-default\">F\u0131nd\u0131\u011f\u0131n Hikayesi<\/h3>\t\t<\/div>\n\t\t\t\t<\/div>\n\t\t\t\t<div class=\"elementor-element elementor-element-f22a8f3 agrikon-transform transform-type-translate elementor-widget elementor-widget-heading\" data-id=\"f22a8f3\" data-element_type=\"widget\" data-widget_type=\"heading.default\">\n\t\t\t\t<div class=\"elementor-widget-container\">\n\t\t\t<p class=\"elementor-heading-title elementor-size-default\">Folik asit, C, E ve K vitaminleri, demir, \u00e7inko, bak\u0131r vb. mineraller, protein, ya\u011f ve lif bak\u0131m\u0131ndan zengin olu\u015fuyla tan\u0131nan f\u0131nd\u0131k, bademden sonra, d\u00fcnyada en \u00e7ok \u00fcretilen ve t\u00fcketilen 2. sert kabuklu meyvedir. Eldeki \u00e7e\u015fitli veriler, f\u0131nd\u0131kta \u00e7erezlik t\u00fcketiminin s\u0131n\u0131rl\u0131 oldu\u011funu; f\u0131nd\u0131\u011f\u0131n \u00f6ncelikli olarak g\u0131da sanayinin temel ham maddelerinden biri gibi g\u00f6r\u00fclebilece\u011fini g\u00f6zler \u00f6n\u00fcne sermekte. Kuzey yar\u0131mk\u00fcrenin \u0131l\u0131man iklim ku\u015fa\u011f\u0131nda yeti\u015fti\u011fi bilinen f\u0131nd\u0131\u011f\u0131n k\u00fclt\u00fcr \u00e7e\u015fitlerine ise T\u00fcrkiye, \u0130talya, Fransa, \u0130spanya, \u00c7in, ABD, \u015eili, \u0130ran, Azerbaycan, Rusya ve G\u00fcrcistan\u2019da rastlanabilir.\n\u00dclkemizin Do\u011fu Karadeniz b\u00f6lgesi, f\u0131nd\u0131k yeti\u015ftiricili\u011fine ilk kez ba\u015flanan b\u00f6lge olma \u00f6zelli\u011fiyle f\u0131nd\u0131k sekt\u00f6r\u00fc i\u00e7in \u00f6nem arz etmekte. K\u0131\u015f aylar\u0131nda dahi verim al\u0131nabilinen f\u0131nd\u0131k i\u00e7in Karadeniz b\u00f6lgesinin uygun iklim \u015fartlar\u0131 ideal yeti\u015fme ortam\u0131n\u0131 yaratmakta.\n<\/p>\t\t<\/div>\n\t\t\t\t<\/div>\n\t\t\t\t\t<\/div>\n\t\t<\/div>\n\t\t\t\t<div class=\"elementor-column elementor-col-50 elementor-top-column elementor-element elementor-element-820ef5f\" data-id=\"820ef5f\" data-element_type=\"column\">\n\t\t\t<div class=\"elementor-widget-wrap elementor-element-populated\">\n\t\t\t\t\t\t\t\t<div class=\"elementor-element elementor-element-1e91336 elementor-widget elementor-widget-image\" data-id=\"1e91336\" data-element_type=\"widget\" data-widget_type=\"image.default\">\n\t\t\t\t<div class=\"elementor-widget-container\">\n\t\t\t<style>\/*! elementor - v3.5.5 - 03-02-2022 *\/\n.elementor-widget-image{text-align:center}.elementor-widget-image a{display:inline-block}.elementor-widget-image a img[src$=\".svg\"]{width:48px}.elementor-widget-image img{vertical-align:middle;display:inline-block}<\/style>\t\t\t\t\t\t\t\t\t\t\t\t<img loading=\"lazy\" decoding=\"async\" width=\"570\" height=\"502\" src=\"https:\/\/www.aycangida.com.tr\/wp-content\/uploads\/2022\/01\/uretim-aycan-gida.jpg\" class=\"attachment-agrikon-grid size-agrikon-grid\" alt=\"\" srcset=\"https:\/\/www.aycangida.com.tr\/wp-content\/uploads\/2022\/01\/uretim-aycan-gida.jpg 570w, https:\/\/www.aycangida.com.tr\/wp-content\/uploads\/2022\/01\/uretim-aycan-gida-300x264.jpg 300w\" sizes=\"auto, (max-width: 570px) 100vw, 570px\" \/>\t\t\t\t\t\t\t\t\t\t\t\t\t\t\t<\/div>\n\t\t\t\t<\/div>\n\t\t\t\t\t<\/div>\n\t\t<\/div>\n\t\t\t\t\t\t\t<\/div>\n\t\t<\/div>\n\t\t\t\t<div class=\"elementor-section elementor-top-section elementor-element elementor-element-d57b59b nt-section section-padding elementor-section-boxed elementor-section-height-default elementor-section-height-default nt-section-ripped-bottom ripped-bottom-no\" data-id=\"d57b59b\" data-element_type=\"section\">\n\t\t\t\t\t\t<div class=\"elementor-container elementor-column-gap-no\">\n\t\t\t\t\t<div class=\"elementor-column elementor-col-50 elementor-top-column elementor-element elementor-element-72a4db1\" data-id=\"72a4db1\" data-element_type=\"column\">\n\t\t\t<div class=\"elementor-widget-wrap elementor-element-populated\">\n\t\t\t\t\t\t\t\t<div class=\"elementor-element elementor-element-5352479 elementor-widget elementor-widget-image\" data-id=\"5352479\" data-element_type=\"widget\" data-widget_type=\"image.default\">\n\t\t\t\t<div class=\"elementor-widget-container\">\n\t\t\t\t\t\t\t\t\t\t\t\t\t\t\t<img loading=\"lazy\" decoding=\"async\" width=\"570\" height=\"502\" src=\"https:\/\/www.aycangida.com.tr\/wp-content\/uploads\/2022\/01\/uretim-aycan-gida-1.jpg\" class=\"attachment-agrikon-grid size-agrikon-grid\" alt=\"\" srcset=\"https:\/\/www.aycangida.com.tr\/wp-content\/uploads\/2022\/01\/uretim-aycan-gida-1.jpg 570w, https:\/\/www.aycangida.com.tr\/wp-content\/uploads\/2022\/01\/uretim-aycan-gida-1-300x264.jpg 300w\" sizes=\"auto, (max-width: 570px) 100vw, 570px\" \/>\t\t\t\t\t\t\t\t\t\t\t\t\t\t\t<\/div>\n\t\t\t\t<\/div>\n\t\t\t\t\t<\/div>\n\t\t<\/div>\n\t\t\t\t<div class=\"elementor-column elementor-col-50 elementor-top-column elementor-element elementor-element-7929de9\" data-id=\"7929de9\" data-element_type=\"column\">\n\t\t\t<div class=\"elementor-widget-wrap elementor-element-populated\">\n\t\t\t\t\t\t\t\t<div class=\"elementor-element elementor-element-effe08a agrikon-transform transform-type-translate elementor-widget elementor-widget-heading\" data-id=\"effe08a\" data-element_type=\"widget\" data-widget_type=\"heading.default\">\n\t\t\t\t<div class=\"elementor-widget-container\">\n\t\t\t<p class=\"elementor-heading-title elementor-size-default\">D\u00fcnyada f\u0131nd\u0131k \u00fcretimi s\u00f6z konusu oldu\u011funda \u00fclkemiz akla gelen ilk \u00fclkedir. Bunun temel sebebi elbette ki d\u00fcnya f\u0131nd\u0131k \u00fcretiminde 1. s\u0131rada yer al\u0131yor olmam\u0131zd\u0131r. \u00dclkemizi \u00fcretimde s\u0131ras\u0131yla: \u0130talya, Azerbaycan ve ABD takip etmekte. \nT\u00dc\u0130K verileri, T\u00fcrkiye\u2019de 2002\u2019de 560 bin hektar olan f\u0131nd\u0131k dikim alanlar\u0131n\u0131n 2019\u2019da %31\u2019lik art\u0131\u015fla 734 bin hektara; 600 bin ton olan f\u0131nd\u0131k \u00fcretiminin ise %29\u2019luk art\u0131\u015fla 776 bin tona ula\u015ft\u0131\u011f\u0131n\u0131 belirtmekte.\n\u015eirket olarak bizler, Trabzon'un Arakl\u0131 il\u00e7esinde ba\u015flayan f\u0131nd\u0131k t\u00fcccarl\u0131\u011f\u0131 yolculu\u011fumuzun bug\u00fcn geldi\u011fi noktada; f\u0131nd\u0131\u011f\u0131n hem d\u00fcnyam\u0131z hem de \u00fclkemiz i\u00e7in ne kadar b\u00fcy\u00fck \u00f6nem ta\u015f\u0131d\u0131\u011f\u0131n\u0131n fark\u0131ndal\u0131\u011f\u0131yla hareket ediyoruz. F\u0131nd\u0131\u011f\u0131n tarladan tesisimize ve tesisimizden paketlenerek t\u00fcketicilerimize do\u011fru ilerleyen ser\u00fcveni boyunca ger\u00e7ekle\u015fen t\u00fcm s\u00fcre\u00e7lere titizlikle yakla\u015f\u0131yor, f\u0131nd\u0131\u011f\u0131n en kalitelisini elde etmek ve sizlere ula\u015ft\u0131rmak i\u00e7in \u00e7abal\u0131yoruz.<\/p>\t\t<\/div>\n\t\t\t\t<\/div>\n\t\t\t\t\t<\/div>\n\t\t<\/div>\n\t\t\t\t\t\t\t<\/div>\n\t\t<\/div>\n\t\t\t\t<div class=\"elementor-section elementor-top-section elementor-element elementor-element-111a929 nt-section section-padding elementor-section-boxed elementor-section-height-default elementor-section-height-default nt-section-ripped-bottom ripped-bottom-no\" data-id=\"111a929\" data-element_type=\"section\">\n\t\t\t\t\t\t<div class=\"elementor-container elementor-column-gap-no\">\n\t\t\t\t\t<div class=\"elementor-column elementor-col-50 elementor-top-column elementor-element elementor-element-8901cd1\" data-id=\"8901cd1\" data-element_type=\"column\">\n\t\t\t<div class=\"elementor-widget-wrap elementor-element-populated\">\n\t\t\t\t\t\t\t\t<div class=\"elementor-element elementor-element-6e15c5a agrikon-transform transform-type-translate elementor-widget elementor-widget-heading\" data-id=\"6e15c5a\" data-element_type=\"widget\" data-widget_type=\"heading.default\">\n\t\t\t\t<div class=\"elementor-widget-container\">\n\t\t\t<p class=\"elementor-heading-title elementor-size-default\">Bu \u00e7abam\u0131z\u0131 g\u00fc\u00e7lendirebilmek i\u00e7in ise hem tar\u0131mda hem de f\u0131nd\u0131k yeti\u015ftiricili\u011finde ger\u00e7ekle\u015fen, ger\u00e7ekle\u015fmesi gerekli g\u00f6r\u00fclen yeniliklerin s\u00fcrekli takip\u00e7isi oluyoruz.<\/p>\t\t<\/div>\n\t\t\t\t<\/div>\n\t\t\t\t<div class=\"elementor-element elementor-element-d81ccf9 elementor-widget elementor-widget-text-editor\" data-id=\"d81ccf9\" data-element_type=\"widget\" data-widget_type=\"text-editor.default\">\n\t\t\t\t<div class=\"elementor-widget-container\">\n\t\t\t<style>\/*! elementor - v3.5.5 - 03-02-2022 *\/\n.elementor-widget-text-editor.elementor-drop-cap-view-stacked .elementor-drop-cap{background-color:#818a91;color:#fff}.elementor-widget-text-editor.elementor-drop-cap-view-framed .elementor-drop-cap{color:#818a91;border:3px solid;background-color:transparent}.elementor-widget-text-editor:not(.elementor-drop-cap-view-default) .elementor-drop-cap{margin-top:8px}.elementor-widget-text-editor:not(.elementor-drop-cap-view-default) .elementor-drop-cap-letter{width:1em;height:1em}.elementor-widget-text-editor .elementor-drop-cap{float:left;text-align:center;line-height:1;font-size:50px}.elementor-widget-text-editor .elementor-drop-cap-letter{display:inline-block}<\/style>\t\t\t\t<p><strong>\u00dclkemiz ve D\u00fcnya Verileri Kaynak\u00e7a:<\/strong> <a href=\"https:\/\/www.tarimorman.gov.tr\/BUGEM\/Belgeler\/M%C4%B0LL%C4%B0%20TARIM\/%C3%9Cr%C3%BCn%20Masalar%C4%B1%20%C3%9Cr%C3%BCn%20De%C4%9Ferlendirme%20Raporlar%C4%B1%20yay%C4%B1mland%C4%B1\/F%C4%B1nd%C4%B1k%20De%C4%9Ferlendirme%20Raporu.pdf\">https:\/\/www.tarimorman.gov.tr\/<\/a><\/p>\t\t\t\t\t\t<\/div>\n\t\t\t\t<\/div>\n\t\t\t\t\t<\/div>\n\t\t<\/div>\n\t\t\t\t<div class=\"elementor-column elementor-col-50 elementor-top-column elementor-element elementor-element-555f1fe\" data-id=\"555f1fe\" data-element_type=\"column\">\n\t\t\t<div class=\"elementor-widget-wrap elementor-element-populated\">\n\t\t\t\t\t\t\t\t<div class=\"elementor-element elementor-element-e736dfb elementor-widget elementor-widget-image\" data-id=\"e736dfb\" data-element_type=\"widget\" data-widget_type=\"image.default\">\n\t\t\t\t<div class=\"elementor-widget-container\">\n\t\t\t\t\t\t\t\t\t\t\t\t\t\t\t<img loading=\"lazy\" decoding=\"async\" width=\"570\" height=\"502\" src=\"https:\/\/www.aycangida.com.tr\/wp-content\/uploads\/2022\/01\/findigin-hikayesi.jpg\" class=\"attachment-agrikon-grid size-agrikon-grid\" alt=\"\" srcset=\"https:\/\/www.aycangida.com.tr\/wp-content\/uploads\/2022\/01\/findigin-hikayesi.jpg 570w, https:\/\/www.aycangida.com.tr\/wp-content\/uploads\/2022\/01\/findigin-hikayesi-300x264.jpg 300w\" sizes=\"auto, (max-width: 570px) 100vw, 570px\" \/>\t\t\t\t\t\t\t\t\t\t\t\t\t\t\t<\/div>\n\t\t\t\t<\/div>\n\t\t\t\t\t<\/div>\n\t\t<\/div>\n\t\t\t\t\t\t\t<\/div>\n\t\t<\/div>\n\t\t\t\t<div class=\"elementor-section elementor-top-section elementor-element elementor-element-003d83c elementor-section-full_width elementor-section-height-default elementor-section-height-default nt-section-ripped-top ripped-top-no nt-section-ripped-bottom ripped-bottom-no\" data-id=\"003d83c\" data-element_type=\"section\">\n\t\t\t\t\t\t<div class=\"elementor-container elementor-column-gap-no\">\n\t\t\t\t\t<div class=\"elementor-column elementor-col-100 elementor-top-column elementor-element elementor-element-768474e\" data-id=\"768474e\" data-element_type=\"column\">\n\t\t\t<div class=\"elementor-widget-wrap elementor-element-populated\">\n\t\t\t\t\t\t\t\t<div class=\"elementor-element elementor-element-7cf2001 elementor-widget elementor-widget-agrikon-cta-one\" data-id=\"7cf2001\" data-element_type=\"widget\" data-widget_type=\"agrikon-cta-one.default\">\n\t\t\t\t<div class=\"elementor-widget-container\">\n\t\t\t<div class=\"call-to-action jarallax\" data-jarallax data-speed=\"0.3\" data-imgPosition=\"-80% 50%\"><div class=\"container\"><div class=\"call-to-action__content\"><div class=\"call-to-action__icon\"><i aria-hidden=\"true\" class=\"flaticon agrikon-icon agrikon-icon-organic-food\"><\/i><\/div><h3 class=\"title\">Bizimle ileti\u015fime ge\u00e7in<\/h3><\/div><div class=\"call-to-action__button\"><a  class=\"agrikon-btn thm-btn\" href=\"\/index.php\/iletisim\/\">\u0130LET\u0130\u015e\u0130M<\/a><\/div><\/div><\/div>\t\t<\/div>\n\t\t\t\t<\/div>\n\t\t\t\t\t<\/div>\n\t\t<\/div>\n\t\t\t\t\t\t\t<\/div>\n\t\t<\/div>\n\t\t\t\t\t\t<\/div>\n\t\t\t\t\t<\/div>\n\t\t","protected":false},"excerpt":{"rendered":"<p>F\u0131nd\u0131\u011f\u0131n Hikayesi F\u0131nd\u0131\u011f\u0131n Hikayesi Folik asit, C, E ve K vitaminleri, demir, \u00e7inko, bak\u0131r vb. mineraller, protein, ya\u011f ve lif bak\u0131m\u0131ndan zengin olu\u015fuyla tan\u0131nan f\u0131nd\u0131k, bademden sonra, d\u00fcnyada en \u00e7ok \u00fcretilen ve t\u00fcketilen 2. sert kabuklu meyvedir. Eldeki \u00e7e\u015fitli veriler, f\u0131nd\u0131kta \u00e7erezlik t\u00fcketiminin s\u0131n\u0131rl\u0131 oldu\u011funu; f\u0131nd\u0131\u011f\u0131n \u00f6ncelikli olarak g\u0131da sanayinin temel ham maddelerinden biri gibi&#8230;<\/p>\n","protected":false},"author":1,"featured_media":0,"parent":0,"menu_order":0,"comment_status":"closed","ping_status":"closed","template":"","meta":{"footnotes":""},"class_list":{"0":"post-1221","1":"page","2":"type-page","3":"status-publish","4":"hentry","5":"nt-post-class","6":"","8":"thumb-none","10":"excerpt-none"},"_links":{"self":[{"href":"https:\/\/www.aycangida.com.tr\/index.php\/wp-json\/wp\/v2\/pages\/1221","targetHints":{"allow":["GET"]}}],"collection":[{"href":"https:\/\/www.aycangida.com.tr\/index.php\/wp-json\/wp\/v2\/pages"}],"about":[{"href":"https:\/\/www.aycangida.com.tr\/index.php\/wp-json\/wp\/v2\/types\/page"}],"author":[{"embeddable":true,"href":"https:\/\/www.aycangida.com.tr\/index.php\/wp-json\/wp\/v2\/users\/1"}],"replies":[{"embeddable":true,"href":"https:\/\/www.aycangida.com.tr\/index.php\/wp-json\/wp\/v2\/comments?post=1221"}],"version-history":[{"count":72,"href":"https:\/\/www.aycangida.com.tr\/index.php\/wp-json\/wp\/v2\/pages\/1221\/revisions"}],"predecessor-version":[{"id":5391,"href":"https:\/\/www.aycangida.com.tr\/index.php\/wp-json\/wp\/v2\/pages\/1221\/revisions\/5391"}],"wp:attachment":[{"href":"https:\/\/www.aycangida.com.tr\/index.php\/wp-json\/wp\/v2\/media?parent=1221"}],"curies":[{"name":"wp","href":"https:\/\/api.w.org\/{rel}","templated":true}]}}