{"id":1145,"date":"2020-12-06T18:36:13","date_gmt":"2020-12-06T18:36:13","guid":{"rendered":"https:\/\/ninetheme.com\/themes\/agrikon\/?page_id=1145"},"modified":"2022-03-03T17:25:47","modified_gmt":"2022-03-03T14:25:47","slug":"hakkimizda","status":"publish","type":"page","link":"https:\/\/www.aycangida.com.tr\/index.php\/hakkimizda\/","title":{"rendered":"Hakk\u0131m\u0131zda"},"content":{"rendered":"\t\t<div data-elementor-type=\"wp-page\" data-elementor-id=\"1145\" class=\"elementor elementor-1145\" data-elementor-settings=\"[]\">\n\t\t\t\t\t\t\t<div class=\"elementor-section-wrap\">\n\t\t\t\t\t\t\t<section class=\"elementor-section elementor-top-section elementor-element elementor-element-26ee7b4 elementor-section-full_width elementor-section-height-default elementor-section-height-default\" data-id=\"26ee7b4\" data-element_type=\"section\" data-settings=\"{&quot;background_background&quot;:&quot;classic&quot;}\">\n\t\t\t\t\t\t<div class=\"elementor-container elementor-column-gap-no\">\n\t\t\t\t\t<div class=\"elementor-column elementor-col-100 elementor-top-column elementor-element elementor-element-6a9c756\" data-id=\"6a9c756\" data-element_type=\"column\" data-settings=\"{&quot;background_background&quot;:&quot;classic&quot;}\">\n\t\t\t<div class=\"elementor-widget-wrap elementor-element-populated\">\n\t\t\t\t\t\t\t\t<div class=\"elementor-element elementor-element-4d216a0 elementor-widget elementor-widget-agrikon-page-hero\" data-id=\"4d216a0\" data-element_type=\"widget\" data-widget_type=\"agrikon-page-hero.default\">\n\t\t\t\t<div class=\"elementor-widget-container\">\n\t\t\t<div class=\"page-header ripped-off\"><div class=\"page-header__bg\"><\/div><div class=\"container\"><h2 class=\"page-title\">Hakk\u0131m\u0131zda<\/h2><\/div><\/div>\t\t<\/div>\n\t\t\t\t<\/div>\n\t\t\t\t\t<\/div>\n\t\t<\/div>\n\t\t\t\t\t\t\t<\/div>\n\t\t<\/section>\n\t\t\t\t<section class=\"elementor-section elementor-top-section elementor-element elementor-element-8f05131 elementor-section-full_width elementor-section-height-default elementor-section-height-default\" data-id=\"8f05131\" data-element_type=\"section\" data-settings=\"{&quot;background_background&quot;:&quot;classic&quot;}\">\n\t\t\t\t\t\t<div class=\"elementor-container elementor-column-gap-default\">\n\t\t\t\t\t<div class=\"elementor-column elementor-col-50 elementor-top-column elementor-element elementor-element-f702fb8\" data-id=\"f702fb8\" data-element_type=\"column\">\n\t\t\t<div class=\"elementor-widget-wrap elementor-element-populated\">\n\t\t\t\t\t\t\t\t<div class=\"elementor-element elementor-element-e814bc7 elementor-widget elementor-widget-text-editor\" data-id=\"e814bc7\" data-element_type=\"widget\" data-widget_type=\"text-editor.default\">\n\t\t\t\t<div class=\"elementor-widget-container\">\n\t\t\t<style>\/*! elementor - v3.5.5 - 03-02-2022 *\/\n.elementor-widget-text-editor.elementor-drop-cap-view-stacked .elementor-drop-cap{background-color:#818a91;color:#fff}.elementor-widget-text-editor.elementor-drop-cap-view-framed .elementor-drop-cap{color:#818a91;border:3px solid;background-color:transparent}.elementor-widget-text-editor:not(.elementor-drop-cap-view-default) .elementor-drop-cap{margin-top:8px}.elementor-widget-text-editor:not(.elementor-drop-cap-view-default) .elementor-drop-cap-letter{width:1em;height:1em}.elementor-widget-text-editor .elementor-drop-cap{float:left;text-align:center;line-height:1;font-size:50px}.elementor-widget-text-editor .elementor-drop-cap-letter{display:inline-block}<\/style>\t\t\t\t<p>1986 y\u0131l\u0131nda; Trabzon`un Arakl\u0131 il\u00e7esinde ba\u015flayan ticari ser\u00fcvenimiz;\u00a0 f\u0131nd\u0131k sekt\u00f6r\u00fcndeki azimli ve g\u00fcven odakl\u0131 \u00e7al\u0131\u015fmalar\u0131m\u0131z do\u011frultusunda Oltan Ailesi ile ortakl\u0131\u011f\u0131m\u0131z\u0131n temellerini at\u0131lmas\u0131yla yoluna emin ad\u0131mlarla ilerlemi\u015ftir. 1996 y\u0131l\u0131nda Oltan F\u0131nd\u0131k D\u00fczce fabrikam\u0131z\u0131n kurulmas\u0131yla; Y\u0131llar boyu \u00fclkemizin yerli hazinesi ve en \u00f6nemli ihracat girdilerimizden biri olan T\u00fcrk f\u0131nd\u0131\u011f\u0131n\u0131; sekt\u00f6rde lider olarak d\u00fcnyan\u0131n bir \u00e7ok \u00fclkesine ula\u015ft\u0131rma ba\u015far\u0131s\u0131n\u0131 g\u00f6stermi\u015f ve bu ba\u015far\u0131s\u0131 bir\u00e7ok devlet kurum ve kurulu\u015fu taraf\u0131ndan \u00f6d\u00fcllendirilerek tescillenen bir marka olman\u0131n hakl\u0131 gururunu ya\u015fam\u0131\u015f bulunuyoruz. 2015 y\u0131l\u0131nda ise; d\u00fcnya f\u0131nd\u0131k sekt\u00f6r lideri olan \u015firketimizin bu b\u00fcy\u00fck ba\u015far\u0131s\u0131; global olarak en b\u00fcy\u00fck \u00e7ikolata firmalar\u0131ndan biri olan Ferrero taraf\u0131ndan sat\u0131n al\u0131nmas\u0131yla; 1986\u2019da Trabzon\u2019da ba\u015flayan ticari hayat\u0131m\u0131z\u0131; uluslararas\u0131 i\u015f birli\u011fi s\u00fcrecine ta\u015f\u0131m\u0131\u015f bulunuyoruz.<\/p><p>Yat\u0131r\u0131mlar\u0131na devam eden firmam\u0131z; 2009\u2019da <span style=\"text-decoration: underline; color: #0000ff;\"><a style=\"color: #0000ff; text-decoration: underline;\" href=\"http:\/\/www.aycanenerji.com\/\">Aycan Enerji \u00dcretim Ticaret ve Sanayi A.\u015e.\u2019nin<\/a><\/span> de kurulmas\u0131yla; sadece G\u0131da\u2019da da de\u011fil; Enerji sekt\u00f6r\u00fcnde de yat\u0131r\u0131mlar\u0131na ba\u015flam\u0131\u015ft\u0131r ve iki adet hidroelektrik santrali; 3 y\u0131l i\u00e7erisinde faaliyete ge\u00e7irmi\u015ftir. Elektrik \u00fcretimiyle yetinmeyip enerji ticareti de yapmak \u00fczere \u00a02014 y\u0131l\u0131nda Aycan Toptan Elektrik Ticaret A.\u015e.`yi kurarak toptan ve perakende elektrik sat\u0131\u015flar\u0131m\u0131zla serbest t\u00fcketicilere uygun elektrikle birlikte enerji dan\u0131\u015fmanl\u0131\u011f\u0131n\u0131da hizmet kalemlerinin i\u00e7erisine yerle\u015ftirmi\u015ftir. Yolumuza enerji sekt\u00f6r\u00fcndeki yap\u0131lanmam\u0131z\u0131n g\u00fcc\u00fcn\u00fc de alm\u0131\u015f bir \u015fekilde devam ettik.<\/p><p>2019 y\u0131l\u0131na geldi\u011fimizde ise, sekt\u00f6r\u00fcn ihtiya\u00e7lar\u0131 do\u011frultusunda yeniden hizmet verebilmek ve bu sekt\u00f6rde yepyeni bir gelecek in\u015fa etmek inanc\u0131 ile Aycan G\u0131da ad\u0131n\u0131 alarak yeniden sekt\u00f6re d\u00f6nm\u00fc\u015f olduk. D\u00fczce&#8217;de kurdu\u011fumuz tesisimiz y\u0131llar\u0131n vermi\u015f oldu\u011fu tecr\u00fcbe sayesinde her noktaya hakim fabrika dizayn\u0131, en son teknoloji ile donat\u0131lm\u0131\u015f hatlar\u0131, ile sekt\u00f6rde \u00f6nde gelen tesislerden biri olma iddias\u0131n\u0131 s\u00fcrd\u00fcr\u00fcyor.<\/p><p>\u00a0G\u00fcven esasl\u0131 ticari yap\u0131m\u0131z, \u015firketlerimizin eri\u015fmis oldu\u011fu finansal g\u00fc\u00e7 ve ge\u00e7mi\u015ften gelen sa\u011flam ili\u015fkilerimiz sayesinde kurulu\u015fumuzun hen\u00fcz ilk y\u0131l\u0131 itibariyle sekt\u00f6rde \u00fcst \u00fcste ba\u015far\u0131lar elde ettik. Ba\u015far\u0131lar\u0131m\u0131z\u0131n s\u00fcrd\u00fcr\u00fclebilir olu\u015fu, en h\u0131zl\u0131 y\u00fckselen \u015firketler aras\u0131nda yer alabilmemize de olanak sa\u011flad\u0131. G\u00fcn\u00fcm\u00fczde, T\u00fcrkiye\u2019nin en \u00f6nemli sanayi kurulu\u015flar\u0131ndan biri olarak \u00e7al\u0131\u015fmalar\u0131m\u0131z\u0131 s\u00fcrd\u00fcrmeye ve ku\u015faktan ku\u015fa\u011fa aktar\u0131lan 30 y\u0131ll\u0131k tecr\u00fcbenin \u0131\u015f\u0131\u011f\u0131nda belirlenen vizyoner hedeflerle kendimizi geli\u015ftirmeye devam etmekteyiz.<\/p>\t\t\t\t\t\t<\/div>\n\t\t\t\t<\/div>\n\t\t\t\t\t<\/div>\n\t\t<\/div>\n\t\t\t\t<div class=\"elementor-column elementor-col-50 elementor-top-column elementor-element elementor-element-3d72248\" data-id=\"3d72248\" data-element_type=\"column\">\n\t\t\t<div class=\"elementor-widget-wrap elementor-element-populated\">\n\t\t\t\t\t\t\t\t<div class=\"elementor-element elementor-element-250fd08 elementor-widget elementor-widget-image\" data-id=\"250fd08\" data-element_type=\"widget\" data-widget_type=\"image.default\">\n\t\t\t\t<div class=\"elementor-widget-container\">\n\t\t\t<style>\/*! elementor - v3.5.5 - 03-02-2022 *\/\n.elementor-widget-image{text-align:center}.elementor-widget-image a{display:inline-block}.elementor-widget-image a img[src$=\".svg\"]{width:48px}.elementor-widget-image img{vertical-align:middle;display:inline-block}<\/style>\t\t\t\t\t\t\t\t\t\t\t\t<img loading=\"lazy\" decoding=\"async\" width=\"1000\" height=\"860\" src=\"https:\/\/www.aycangida.com.tr\/wp-content\/uploads\/2021\/12\/hazelnuts-2.jpg\" class=\"attachment-full size-full\" alt=\"\" srcset=\"https:\/\/www.aycangida.com.tr\/wp-content\/uploads\/2021\/12\/hazelnuts-2.jpg 1000w, https:\/\/www.aycangida.com.tr\/wp-content\/uploads\/2021\/12\/hazelnuts-2-300x258.jpg 300w, https:\/\/www.aycangida.com.tr\/wp-content\/uploads\/2021\/12\/hazelnuts-2-768x660.jpg 768w, https:\/\/www.aycangida.com.tr\/wp-content\/uploads\/2021\/12\/hazelnuts-2-980x843.jpg 980w\" sizes=\"auto, (max-width: 1000px) 100vw, 1000px\" \/>\t\t\t\t\t\t\t\t\t\t\t\t\t\t\t<\/div>\n\t\t\t\t<\/div>\n\t\t\t\t\t<\/div>\n\t\t<\/div>\n\t\t\t\t\t\t\t<\/div>\n\t\t<\/section>\n\t\t\t\t<section class=\"elementor-section elementor-top-section elementor-element elementor-element-e646899 elementor-section-boxed elementor-section-height-default elementor-section-height-default nt-section-ripped-top ripped-top-no nt-section-ripped-bottom ripped-bottom-no\" data-id=\"e646899\" data-element_type=\"section\" data-settings=\"{&quot;background_background&quot;:&quot;classic&quot;}\">\n\t\t\t\t\t\t<div class=\"elementor-container elementor-column-gap-default\">\n\t\t\t\t\t<div class=\"elementor-column elementor-col-100 elementor-top-column elementor-element elementor-element-2f6834f\" data-id=\"2f6834f\" data-element_type=\"column\">\n\t\t\t<div class=\"elementor-widget-wrap elementor-element-populated\">\n\t\t\t\t\t\t\t\t<div class=\"elementor-element elementor-element-c124daf elementor-widget elementor-widget-image\" data-id=\"c124daf\" data-element_type=\"widget\" data-widget_type=\"image.default\">\n\t\t\t\t<div class=\"elementor-widget-container\">\n\t\t\t\t\t\t\t\t\t\t\t\t\t\t\t<img loading=\"lazy\" decoding=\"async\" width=\"1138\" height=\"574\" src=\"https:\/\/www.aycangida.com.tr\/wp-content\/uploads\/2022\/03\/timeline-v3.png\" class=\"attachment-full size-full\" alt=\"\" srcset=\"https:\/\/www.aycangida.com.tr\/wp-content\/uploads\/2022\/03\/timeline-v3.png 1138w, https:\/\/www.aycangida.com.tr\/wp-content\/uploads\/2022\/03\/timeline-v3-300x151.png 300w, https:\/\/www.aycangida.com.tr\/wp-content\/uploads\/2022\/03\/timeline-v3-1024x516.png 1024w, https:\/\/www.aycangida.com.tr\/wp-content\/uploads\/2022\/03\/timeline-v3-768x387.png 768w\" sizes=\"auto, (max-width: 1138px) 100vw, 1138px\" \/>\t\t\t\t\t\t\t\t\t\t\t\t\t\t\t<\/div>\n\t\t\t\t<\/div>\n\t\t\t\t\t<\/div>\n\t\t<\/div>\n\t\t\t\t\t\t\t<\/div>\n\t\t<\/section>\n\t\t\t\t<div class=\"elementor-section elementor-top-section elementor-element elementor-element-48c52f1 elementor-section-full_width nt-section section-padding nt-section-ripped-top ripped-top-yes elementor-section-height-default elementor-section-height-default nt-section-ripped-bottom ripped-bottom-no\" data-id=\"48c52f1\" data-element_type=\"section\" data-settings=\"{&quot;background_background&quot;:&quot;classic&quot;}\">\n\t\t\t\t\t\t<div class=\"elementor-container elementor-column-gap-no\">\n\t\t\t\t\t<div class=\"elementor-column elementor-col-100 elementor-top-column elementor-element elementor-element-6626794\" data-id=\"6626794\" data-element_type=\"column\">\n\t\t\t<div class=\"elementor-widget-wrap elementor-element-populated\">\n\t\t\t\t\t\t\t\t<div class=\"elementor-section elementor-inner-section elementor-element elementor-element-7580ecb elementor-section-boxed elementor-section-height-default elementor-section-height-default nt-section-ripped-top ripped-top-no nt-section-ripped-bottom ripped-bottom-no\" data-id=\"7580ecb\" data-element_type=\"section\">\n\t\t\t\t\t\t<div class=\"elementor-container elementor-column-gap-no\">\n\t\t\t\t\t<div class=\"elementor-column elementor-col-100 elementor-inner-column elementor-element elementor-element-6e8aeef\" data-id=\"6e8aeef\" data-element_type=\"column\">\n\t\t\t<div class=\"elementor-widget-wrap elementor-element-populated\">\n\t\t\t\t\t\t\t\t<div class=\"elementor-element elementor-element-ff12b9c elementor-widget elementor-widget-image\" data-id=\"ff12b9c\" data-element_type=\"widget\" data-widget_type=\"image.default\">\n\t\t\t\t<div class=\"elementor-widget-container\">\n\t\t\t\t\t\t\t\t\t\t\t\t\t\t\t<img decoding=\"async\" src=\"https:\/\/www.aycangida.com.tr\/wp-content\/uploads\/elementor\/thumbs\/hazelnut-icon-pj72yyaxg664jaogtkto7t1fc32vatkhch9k1cp894.png\" title=\"hazelnut-icon\" alt=\"hazelnut-icon\" \/>\t\t\t\t\t\t\t\t\t\t\t\t\t\t\t<\/div>\n\t\t\t\t<\/div>\n\t\t\t\t<div class=\"elementor-element elementor-element-d8d5b72 agrikon-transform transform-type-translate elementor-widget elementor-widget-heading\" data-id=\"d8d5b72\" data-element_type=\"widget\" data-widget_type=\"heading.default\">\n\t\t\t\t<div class=\"elementor-widget-container\">\n\t\t\t<style>\/*! elementor - v3.5.5 - 03-02-2022 *\/\n.elementor-heading-title{padding:0;margin:0;line-height:1}.elementor-widget-heading .elementor-heading-title[class*=elementor-size-]>a{color:inherit;font-size:inherit;line-height:inherit}.elementor-widget-heading .elementor-heading-title.elementor-size-small{font-size:15px}.elementor-widget-heading .elementor-heading-title.elementor-size-medium{font-size:19px}.elementor-widget-heading .elementor-heading-title.elementor-size-large{font-size:29px}.elementor-widget-heading .elementor-heading-title.elementor-size-xl{font-size:39px}.elementor-widget-heading .elementor-heading-title.elementor-size-xxl{font-size:59px}<\/style><h3 class=\"elementor-heading-title elementor-size-default\">Size Ne Sunuyoruz?<\/h3>\t\t<\/div>\n\t\t\t\t<\/div>\n\t\t\t\t\t<\/div>\n\t\t<\/div>\n\t\t\t\t\t\t\t<\/div>\n\t\t<\/div>\n\t\t\t\t<div class=\"elementor-section elementor-inner-section elementor-element elementor-element-952f07f elementor-section-boxed elementor-section-height-default elementor-section-height-default nt-section-ripped-top ripped-top-no nt-section-ripped-bottom ripped-bottom-no\" data-id=\"952f07f\" data-element_type=\"section\">\n\t\t\t\t\t\t<div class=\"elementor-container elementor-column-gap-default\">\n\t\t\t\t\t<div class=\"elementor-column elementor-col-33 elementor-inner-column elementor-element elementor-element-5d91982\" data-id=\"5d91982\" data-element_type=\"column\">\n\t\t\t<div class=\"elementor-widget-wrap elementor-element-populated\">\n\t\t\t\t\t\t\t\t<div class=\"elementor-element elementor-element-97f0dab elementor-widget elementor-widget-agrikon-services-item\" data-id=\"97f0dab\" data-element_type=\"widget\" data-widget_type=\"agrikon-services-item.default\">\n\t\t\t\t<div class=\"elementor-widget-container\">\n\t\t\t<div class=\"service-two__card\"><div class=\"service-two__card-image\"><img loading=\"lazy\" decoding=\"async\" width=\"288\" height=\"227\" src=\"https:\/\/www.aycangida.com.tr\/wp-content\/uploads\/2021\/12\/surdurulebilir-tarim.jpg\" class=\"s-img\" alt=\"\" \/><\/div><div class=\"service-two__card-content\"><div class=\"service-two__card-icon\"><i aria-hidden=\"true\" class=\"flaticon seorun-icon agrikon-icon-tractor\"><\/i><\/div><h3 class=\"title\"><a href=\"\/index.php\/surdurulebilir-tarim\/\" target=\"_blank\">S\u00fcrd\u00fcr\u00fclebilir Tar\u0131m<\/a><\/h3><p>S\u00fcrd\u00fcr\u00fclebilir olman\u0131n d\u00fcnyada ve \u00fclkemizde kilit bir unsur oldu\u011funun fark\u0131ndal\u0131\u011f\u0131yla hareket ediyoruz<\/p><\/div><\/div>\t\t<\/div>\n\t\t\t\t<\/div>\n\t\t\t\t\t<\/div>\n\t\t<\/div>\n\t\t\t\t<div class=\"elementor-column elementor-col-33 elementor-inner-column elementor-element elementor-element-438ff11\" data-id=\"438ff11\" data-element_type=\"column\">\n\t\t\t<div class=\"elementor-widget-wrap elementor-element-populated\">\n\t\t\t\t\t\t\t\t<div class=\"elementor-element elementor-element-9d13289 elementor-widget elementor-widget-agrikon-services-item\" data-id=\"9d13289\" data-element_type=\"widget\" data-widget_type=\"agrikon-services-item.default\">\n\t\t\t\t<div class=\"elementor-widget-container\">\n\t\t\t<div class=\"service-two__card\"><div class=\"service-two__card-image\"><img loading=\"lazy\" decoding=\"async\" width=\"288\" height=\"227\" src=\"https:\/\/www.aycangida.com.tr\/wp-content\/uploads\/2022\/01\/izlenebilirlik-1.jpg\" class=\"s-img\" alt=\"\" \/><\/div><div class=\"service-two__card-content\"><div class=\"service-two__card-icon\"><i aria-hidden=\"true\" class=\"flaticon seorun-icon agrikon-icon-organic-food\"><\/i><\/div><h3 class=\"title\"><a href=\"\/index.php\/izlenebilirlik\/\" target=\"_blank\">\u0130zlenebilirlik<\/a><\/h3><p>Aycan G\u0131da olarak, t\u00fcm m\u00fc\u015fterilerimizin kay\u0131t olabildi\u011fi bir izlenebilirlik sistemi geli\u015ftirdik.<\/p><\/div><\/div>\t\t<\/div>\n\t\t\t\t<\/div>\n\t\t\t\t\t<\/div>\n\t\t<\/div>\n\t\t\t\t<div class=\"elementor-column elementor-col-33 elementor-inner-column elementor-element elementor-element-e4f5567\" data-id=\"e4f5567\" data-element_type=\"column\">\n\t\t\t<div class=\"elementor-widget-wrap elementor-element-populated\">\n\t\t\t\t\t\t\t\t<div class=\"elementor-element elementor-element-4c436a6 elementor-widget elementor-widget-agrikon-services-item\" data-id=\"4c436a6\" data-element_type=\"widget\" data-widget_type=\"agrikon-services-item.default\">\n\t\t\t\t<div class=\"elementor-widget-container\">\n\t\t\t<div class=\"service-two__card\"><div class=\"service-two__card-image\"><img loading=\"lazy\" decoding=\"async\" width=\"288\" height=\"227\" src=\"https:\/\/www.aycangida.com.tr\/wp-content\/uploads\/2021\/12\/guvenli-ve-inovatif-uretim.jpg\" class=\"s-img\" alt=\"\" \/><\/div><div class=\"service-two__card-content\"><div class=\"service-two__card-icon\"><i aria-hidden=\"true\" class=\"fas fa-check\"><\/i><\/div><h3 class=\"title\"><a href=\"\/index.php\/guvenli-ve-inovatif-uretim\/\" target=\"_blank\">G\u00fcvenli ve \u0130novatif \u00dcretim<\/a><\/h3><p>Temelimizi sa\u011flam tutabilmek i\u00e7in g\u00fcven duygusunu \u00f6nceliklendiriyoruz.<\/p><\/div><\/div>\t\t<\/div>\n\t\t\t\t<\/div>\n\t\t\t\t\t<\/div>\n\t\t<\/div>\n\t\t\t\t\t\t\t<\/div>\n\t\t<\/div>\n\t\t\t\t<div class=\"elementor-section elementor-inner-section elementor-element elementor-element-fa30c84 elementor-section-full_width elementor-section-height-min-height elementor-hidden-tablet elementor-hidden-phone nt-section-ripped-top ripped-top-yes elementor-section-height-default nt-section-ripped-bottom ripped-bottom-no\" data-id=\"fa30c84\" data-element_type=\"section\" data-settings=\"{&quot;background_background&quot;:&quot;classic&quot;}\">\n\t\t\t\t\t\t<div class=\"elementor-container elementor-column-gap-no\">\n\t\t\t\t\t<div class=\"elementor-column elementor-col-100 elementor-inner-column elementor-element elementor-element-3a4f8f4\" data-id=\"3a4f8f4\" data-element_type=\"column\">\n\t\t\t<div class=\"elementor-widget-wrap\">\n\t\t\t\t\t\t\t\t\t<\/div>\n\t\t<\/div>\n\t\t\t\t\t\t\t<\/div>\n\t\t<\/div>\n\t\t\t\t\t<\/div>\n\t\t<\/div>\n\t\t\t\t\t\t\t<\/div>\n\t\t<\/div>\n\t\t\t\t<div class=\"elementor-section elementor-top-section elementor-element elementor-element-30efc64 elementor-section-full_width elementor-section-height-default elementor-section-height-default nt-section-ripped-top ripped-top-no nt-section-ripped-bottom ripped-bottom-no\" data-id=\"30efc64\" data-element_type=\"section\">\n\t\t\t\t\t\t<div class=\"elementor-container elementor-column-gap-no\">\n\t\t\t\t\t<div class=\"elementor-column elementor-col-100 elementor-top-column elementor-element elementor-element-b347e73\" data-id=\"b347e73\" data-element_type=\"column\">\n\t\t\t<div class=\"elementor-widget-wrap elementor-element-populated\">\n\t\t\t\t\t\t\t\t<div class=\"elementor-element elementor-element-566093a elementor-widget elementor-widget-agrikon-cta-one\" data-id=\"566093a\" data-element_type=\"widget\" data-widget_type=\"agrikon-cta-one.default\">\n\t\t\t\t<div class=\"elementor-widget-container\">\n\t\t\t<div class=\"call-to-action jarallax\" data-jarallax data-speed=\"0.3\" data-imgPosition=\"-80% 50%\"><div class=\"container\"><div class=\"call-to-action__content\"><div class=\"call-to-action__icon\"><i aria-hidden=\"true\" class=\"flaticon agrikon-icon agrikon-icon-organic-food\"><\/i><\/div><h3 class=\"title\">Bizimle ileti\u015fime ge\u00e7in<\/h3><\/div><div class=\"call-to-action__button\"><a  class=\"agrikon-btn thm-btn\" href=\"\/index.php\/iletisim\/\">\u0130LET\u0130\u015e\u0130M<\/a><\/div><\/div><\/div>\t\t<\/div>\n\t\t\t\t<\/div>\n\t\t\t\t\t<\/div>\n\t\t<\/div>\n\t\t\t\t\t\t\t<\/div>\n\t\t<\/div>\n\t\t\t\t\t\t<\/div>\n\t\t\t\t\t<\/div>\n\t\t","protected":false},"excerpt":{"rendered":"<p>Hakk\u0131m\u0131zda 1986 y\u0131l\u0131nda; Trabzon`un Arakl\u0131 il\u00e7esinde ba\u015flayan ticari ser\u00fcvenimiz;\u00a0 f\u0131nd\u0131k sekt\u00f6r\u00fcndeki azimli ve g\u00fcven odakl\u0131 \u00e7al\u0131\u015fmalar\u0131m\u0131z do\u011frultusunda Oltan Ailesi ile ortakl\u0131\u011f\u0131m\u0131z\u0131n temellerini at\u0131lmas\u0131yla yoluna emin ad\u0131mlarla ilerlemi\u015ftir. 1996 y\u0131l\u0131nda Oltan F\u0131nd\u0131k D\u00fczce fabrikam\u0131z\u0131n kurulmas\u0131yla; Y\u0131llar boyu \u00fclkemizin yerli hazinesi ve en \u00f6nemli ihracat girdilerimizden biri olan T\u00fcrk f\u0131nd\u0131\u011f\u0131n\u0131; sekt\u00f6rde lider olarak d\u00fcnyan\u0131n bir \u00e7ok \u00fclkesine&#8230;<\/p>\n","protected":false},"author":1,"featured_media":0,"parent":0,"menu_order":0,"comment_status":"closed","ping_status":"closed","template":"","meta":{"footnotes":""},"class_list":{"0":"post-1145","1":"page","2":"type-page","3":"status-publish","4":"hentry","5":"nt-post-class","6":"","8":"thumb-none","10":"excerpt-none"},"_links":{"self":[{"href":"https:\/\/www.aycangida.com.tr\/index.php\/wp-json\/wp\/v2\/pages\/1145","targetHints":{"allow":["GET"]}}],"collection":[{"href":"https:\/\/www.aycangida.com.tr\/index.php\/wp-json\/wp\/v2\/pages"}],"about":[{"href":"https:\/\/www.aycangida.com.tr\/index.php\/wp-json\/wp\/v2\/types\/page"}],"author":[{"embeddable":true,"href":"https:\/\/www.aycangida.com.tr\/index.php\/wp-json\/wp\/v2\/users\/1"}],"replies":[{"embeddable":true,"href":"https:\/\/www.aycangida.com.tr\/index.php\/wp-json\/wp\/v2\/comments?post=1145"}],"version-history":[{"count":111,"href":"https:\/\/www.aycangida.com.tr\/index.php\/wp-json\/wp\/v2\/pages\/1145\/revisions"}],"predecessor-version":[{"id":5420,"href":"https:\/\/www.aycangida.com.tr\/index.php\/wp-json\/wp\/v2\/pages\/1145\/revisions\/5420"}],"wp:attachment":[{"href":"https:\/\/www.aycangida.com.tr\/index.php\/wp-json\/wp\/v2\/media?parent=1145"}],"curies":[{"name":"wp","href":"https:\/\/api.w.org\/{rel}","templated":true}]}}